a(f) = -f**3 - 5*f**2 - 3*f - 2. Let z be a(-2). Let c = b - z. What is the units digit of c?
7
Let r = 1 - 10. Let f be r/(-15) + (-924)/(-10). Suppose f = 4*g + a, -2*g = -3*g - 2*a + 32. What is the units digit of g?
2
Suppose 0 = -7*m + 12135 - 3357. Suppose 0*k = -11*k + m. What is the units digit of k?
4
Suppose -3*s + 5*j - 11 = 0, 0 = 4*s - s + 2*j - 17. Let o be (1 - 4)/(3/4). What is the units digit of (o - (-93)/s) + -2?
5
Suppose 0 = -18*c + 23071 + 15125. What is the tens digit of c?
2
Let x be 1/((-1)/26*-1). Let f = -10 + x. What is the tens digit of f?
1
Let k be 2/(-7) - 6/(-21). Let m be -94 - (k + 2 - 0). Let t = -56 - m. What is the tens digit of t?
4
Suppose -9*h + 2*h = -42. Suppose -m = -h*m + 255. What is the tens digit of m?
5
Suppose 4*u + 2*q - 3338 = 0, -4*u + 3*q + 1056 = -2257. What is the units digit of u?
2
Let l be (232/(-5))/4*15/(-6). Suppose -h + l = 5*v - 19, 4*h = 5*v + 67. What is the units digit of h?
3
Let f(u) be the third derivative of -u**5/60 - u**4/2 + 2*u**3 - 4*u**2. Let d be 8/(((-20)/(-4))/(-5)). What is the units digit of f(d)?
4
Let h be -2*(90/(-84) + (-6)/14). Suppose -2*v + 124 = -h*o, 3*v + o = 226 - 29. What is the units digit of v?
5
Let b(u) = 6*u**2 - 21*u + 30. What is the units digit of b(10)?
0
Let q(f) = -23*f**3 - f**2 + 14*f + 21. What is the hundreds digit of q(-3)?
5
Let d = -52 + 37. What is the tens digit of 9*-4*80/d?
9
Let k = 70 - 66. What is the tens digit of k/1 + 24/(-2)*-7?
8
Let s be (-1)/3 - (-28)/12. Suppose c + f - 14 = 16, -3*f + 65 = s*c. What is the units digit of c?
5
Let c(p) = -p**2 + 11*p - 12. Let o be c(11). What is the units digit of (147 + 1)*(2 + 18/o)?
4
Suppose -p + 0*t + t + 4562 = 0, 0 = -4*t + 8. What is the units digit of p/84 - 1/3?
4
Let m = 56 + -23. Let w = m - 6. Let i = -13 + w. What is the units digit of i?
4
Suppose 3*j - 9 = -15. Let t be 8/(-20) + 7/5. What is the tens digit of (165/(-30))/(t/j)?
1
Suppose 0 = 5*b - 10, 4*b = 2*l - 780 - 10204. What is the thousands digit of l?
5
Suppose 4*m - 332 = 15*a - 20*a, 2*m + 3*a = 166. What is the tens digit of m?
8
Suppose -2*g + 3 = 61. Let b(y) = -y**3 + 10*y**2 - 8*y - 5. Let n be b(8). Let o = g + n. What is the tens digit of o?
3
Let m = -1077 - -4157. What is the thousands digit of m?
3
What is the hundreds digit of 834 + (-34)/2 + 9?
8
Suppose 0 = -30*r + 22*r + 2912. What is the tens digit of r?
6
Let c = -1268 + 1809. What is the units digit of c?
1
Let x = 1842 + -1198. What is the tens digit of x?
4
Suppose -1 - 7 = 4*z. What is the tens digit of -8*(6/(-4) + z)?
2
Let z = 45 + 500. What is the hundreds digit of z?
5
Suppose -347 - 6808 = -15*c. What is the hundreds digit of c?
4
Let a = 577 - 97. What is the tens digit of a?
8
Let n(a) = -2*a + 8. Let s be n(4). Suppose 5*c - 12 - 13 = s. Suppose -5*m = 25, 0*b - c*b + m + 25 = 0. What is the units digit of b?
4
Suppose k - 1 = -2*b - 10, 0 = 4*k + 4*b + 52. Let z = 16 + k. Let g = 7 + z. What is the units digit of g?
6
Suppose 0 = 4*h - 2*m - 1286, -6*h + 945 = -3*h + 5*m. What is the tens digit of h?
2
Suppose 3*u = -5*r + 3581, 0 = 4*u + 2*r - r - 4803. What is the tens digit of u?
0
Let z(v) = v**3 + 9*v**2 - 2*v. What is the hundreds digit of z(-5)?
1
Let h(z) = -z**2 + 4*z + 14. Let j be h(6). Let t = 17 + -15. Suppose 4*v = 4*y - 4, -2*v = t*v - y - j. What is the units digit of v?
1
Let k(f) = 31*f**2 - f - 2. Let h be k(-1). What is the tens digit of (-12)/h - (-1074)/10?
0
Let r(z) = z**2 - 3*z + 0*z - 2*z + z**2. Let y be r(5). Suppose -y = 2*t - 3*t. What is the tens digit of t?
2
Let a(j) = -j**3 + 5*j**2 - 5*j + 3. Let q be a(3). Let r(k) = 5 - k**3 + k**3 + 5*k**3 - 4*k**3 - 8*k - 4*k**2. What is the tens digit of r(q)?
2
Suppose 7*i - 2*i - 265 = -5*z, -z - 4*i + 53 = 0. What is the units digit of z?
3
Let n = -131 + 87. Let t = n + 52. What is the units digit of t?
8
Let p(n) = n**2 - n**2 - 5 - 17*n - 1 + 2*n**2. What is the units digit of p(12)?
8
Suppose 12 = a - 4*a. Let l be (a - -3) + -1 - 0. Let o(w) = 10*w**2 + w + 2. What is the tens digit of o(l)?
4
Suppose 435 = 3*i - 3*s, 2*i + 280 = 4*i - 4*s. What is the tens digit of (-2 - 0/2) + i?
4
Let a(v) = -4*v**2 - v + 11 + 0*v**2 + v**3 + 3*v + v**2. What is the tens digit of a(5)?
7
Let r(s) = 445*s**2 - 5*s + 6. Let u be r(1). Let m = u + -289. What is the tens digit of m?
5
Suppose 49*i - 66*i + 1037 = 0. What is the tens digit of i?
6
Let v = -332 - -742. What is the units digit of v?
0
Let r(v) = -1 - v + 1 + 1 + 2*v. Let b be r(8). Let p = 27 - b. What is the units digit of p?
8
Let t(m) be the first derivative of -m**2 - 8*m + 6. What is the units digit of t(-8)?
8
Let j = 122 - 120. What is the tens digit of (2 - 7) + j + 89?
8
Let z(b) = -b**2 - 3*b + 3. Let x = -8 + 10. Suppose x*q = -4 - 2. What is the units digit of z(q)?
3
Suppose -3*x + 5 = -10. Suppose f + 3 = -t, -x*f - 7 = t - 0*t. What is the units digit of 3 + 40 + f - 4?
8
Let n(z) = z**3 + z**2 - z - 4. Let w be n(0). What is the units digit of w + (-4)/4 + 289?
4
Let g be -1 - 3*(-10)/6. Suppose 554 = g*f - 3*v + v, 275 = 2*f + v. What is the hundreds digit of f?
1
Let c = -3 + 8. Suppose c*h + 18 = -27. What is the units digit of (-3)/2*12/h?
2
Let h = 21 + -27. Let y = 193 + h. What is the units digit of y?
7
What is the units digit of 5/55 - 1041386/(-187)?
9
What is the units digit of 18180/150 - 1/(-10)*-2?
1
Let u(m) = 4*m**2 + 14*m + 81. What is the thousands digit of u(17)?
1
Let p(b) = -5*b + 10. Let v(m) be the third derivative of m**4/24 + m**3/6 - m**2. Let s(o) = p(o) + 6*v(o). What is the tens digit of s(0)?
1
Let o(p) = -22*p - 153. What is the units digit of o(-13)?
3
Let b(o) = 4*o + 3 - 4 + 0 + 6. What is the tens digit of b(17)?
7
Let t(l) = l**3 + 9*l**2 + 7*l - 5. Let d be t(-8). Let n be (d/(-15))/((-2)/710). Suppose 0 = 4*v + i - n, 0*i - 5 = 5*i. What is the tens digit of v?
1
Let x(q) = 6*q + 6. Let y(w) be the third derivative of w**4/24 + w**3/6 - 5*w**2. Let p(l) = x(l) - 5*y(l). What is the units digit of p(4)?
5
Suppose 2*t + 0 - 8 = 0. Suppose -2*r = t*z - 16, 0*r + z = r - 5. What is the tens digit of r/(-4)*192/(-9)?
3
Let w(s) = s**2 - 4*s - 2. Let z be w(4). Let r be z/1 + -40 + 0. Let b = 76 + r. What is the units digit of b?
4
Let j = 317 - -1847. What is the units digit of j?
4
What is the hundreds digit of (-11)/(-33) + 3836/3 + -2?
2
Suppose -38*v = -54*v + 58304. What is the thousands digit of v?
3
Suppose -10*c + 294 = -26. What is the tens digit of (c - 6) + (-6)/(2 + 1)?
2
Let t(w) = 8*w**2 - 12*w - 11. What is the units digit of t(-6)?
9
Let v(d) = 44*d + 3. Let k(y) = -2*y. Let w(i) = -3*k(i) - v(i). Suppose h = 2*h + 2. What is the tens digit of w(h)?
7
Let s(k) = k**3 + 9*k**2 - 3*k + 13. Let p(y) = y**3 + 15*y**2 + y + 6. Let g be p(-15). What is the units digit of s(g)?
0
Suppose 317*y - 335*y + 522 = 0. What is the tens digit of y?
2
Let x = 4 - 2. Suppose -5*s - 2*z + 62 = x*z, -s + 2*z = -4. Suppose i + s = 6*i. What is the units digit of i?
2
Let q be ((-18)/(-3) + -3)*-1. Let u be (-8)/12 + 37/q. Let x = 24 + u. What is the tens digit of x?
1
Suppose -5*g = -29 - 891. What is the units digit of g?
4
Let q = 8 - 16. Let d = -15 - q. Let z(x) = -3*x + 9. What is the tens digit of z(d)?
3
Suppose 0 = -82*n + 74*n + 3448. What is the tens digit of n?
3
Let p(s) = s + 16. Let m be p(13). Let j = m - 26. What is the units digit of j?
3
Suppose 2210 = h + 12*h. Suppose -f = -0*f - 5*g - 20, 0 = -4*f - 2*g + 14. Suppose -q = a - 30, -5*a = -0*a - f*q - h. What is the units digit of a?
2
Suppose 2*t - 6 = 0, -4*p - 4*t = -6*t - 330. Suppose -3*w = 2*r - p - 26, -2*w = -2*r + 90. What is the units digit of r?
9
Let h(d) = 411*d - 55. What is the units digit of h(3)?
8
Let i(b) = b**2 - 8*b + 10. Let h(t) = -13*t - 2. Suppose -15 = 5*o + 5*u, -5*o + 6 = 3*u + 17. Let c be h(o). What is the tens digit of i(c)?
4
Let g = 1268 - 706. What is the hundreds digit of g?
5
Suppose 2*h = 5*h - 111. What is the tens digit of h?
3
Let p = -259 - -1521. What is the thousands digit of p?
1
Let t = -811 - -3598. What is the hundreds digit of t?
7
Let u = -416 + 609. Let s = -1 + u. What is the units digit of s?
2
Let a be 10/(-1)*9/(-6). Suppose -18 = 